+ 2882931. Is o a prime number?
True
Suppose -141211274 = 559*j - 710*j. Is j a prime number?
False
Is (13 + -25 + 11)/(2/(-116258)) prime?
True
Is ((-826127696)/(-1032))/(2/3) a composite number?
True
Suppose -4*o = -4*t - 352, -4*t - 337 = 3*o - 4*o. Suppose 2*s = 7*s + 1200. Let l = t - s. Is l composite?
False
Suppose 11067853 = 188*w - 18496622 - 6485089. Is w a composite number?
True
Let i = -21 + 28. Suppose 1905 = -i*m + 12*m. Is (m - 4) + -3 + -1 a composite number?
False
Let i(z) = z**3 - 6*z**2 - 7*z + 5. Let s be i(7). Let v(g) = 49*g**2 - 15*g + 32. Let p be v(3). Suppose s*x - 3333 + p = 0. Is x prime?
False
Let t(w) = w**3 + 12*w**2 + 21*w - 3. Let l be t(-10). Let d be (l*1)/(2 + 75/(-37)). Suppose 0 = 5*p - 4*f - 2405, 3*f - 8*f = p - d. Is p a prime number?
False
Let g(l) = -903*l + 13. Let q be (-1 - 6)*(4/14 + 0). Is g(q) a composite number?
True
Let a(m) = m**2 + 15*m - 27. Let f = 60 - 77. Let c be a(f). Suppose -c*q = -12*q + 795. Is q a prime number?
False
Let o be ((-139)/3)/(628/(-156) - -4). Let q be 2935/(-4) - 16/64. Let t = o + q. Is t prime?
False
Let n(r) = r**3 - 24*r**2 - 29*r + 125. Let w be n(25). Suppose 0 = -w*h + 69744 + 27781. Is h composite?
True
Suppose -4*h = -j + 90379, 9*j - 7*j - 180703 = -3*h. Is j a prime number?
True
Let r = -1222897 + 1716210. Is r prime?
True
Is (118932 - -1)/(403 + -402) a composite number?
True
Let g be 8/(-3 + (-19)/(-7)). Let b = g + 28. Suppose b = -3*i + 5*m + 1426, 0*i - 4*i + m = -1873. Is i composite?
False
Let z = 297096 + -151087. Is z prime?
True
Let o = 529 + -541. Is (-2)/o - 423317/(-222) composite?
False
Suppose 0 = -r - 0*r - 2, -4*h - r + 10 = 0. Suppose -2*i + 15202 = 4*t - 10760, -t - h*i + 6493 = 0. Suppose -2185 = -5*u + t. Is u composite?
True
Let y = -29753 + 18618. Let p = y + 17432. Is p a composite number?
True
Let t be 26 + 0 + 4 + -2. Let n be -16*2/14 + 8/t. Is ((-9)/6 - n)*1630 a composite number?
True
Suppose 31 - 38 = -u. Suppose -u*j - 3*j + 22430 = 0. Is j composite?
False
Let s(g) = g**3 - 9*g**2 - 8*g - 17. Let f be s(10). Suppose -10*z + 11*z - 6026 = -3*r, -18092 = -f*z + 5*r. Is z prime?
True
Suppose -12*a = 4*p - 7*a - 280996, 0 = 3*p - 4*a - 210747. Is p composite?
False
Is (21 - (-1360)/(-60)) + 1646944/6 composite?
False
Let h(x) = 3*x**2 + 30*x + 70223. Is h(0) a composite number?
False
Suppose -69*a + 6267174 = 2090673. Is a a prime number?
False
Let m = 3610 + 7201. Let k = m + 432. Is k a composite number?
False
Let y(c) = -8*c**3 + 2*c**2 - 3*c - 4. Let a be y(-1). Suppose -21*o + 18*o = a. Is 4 + (-350)/(o - 2) prime?
False
Suppose 30 - 20 = 5*q. Suppose 0 = -3*j - 2*w - 9, 3*w = 2*j - q*w + 6. Is -1 - (-1)/3 - 8207/j composite?
True
Suppose -421*g + 4452657 = -342*g - 5026790. Is g a prime number?
True
Let r(l) = 572*l**2 - 7*l + 5. Let h = -294 + 296. Is r(h) a prime number?
False
Let l(f) = f**2 + 11. Let z = 94 - 97. Let h be l(z). Suppose 4*j + h = 0, 5*g - 1434 = 3*j + 116. Is g a composite number?
False
Let i(g) = -67*g + 29*g + 35*g + 6 + 785*g**2. Is i(4) composite?
True
Suppose 2*g - 4*h = -3*g + 23, -22 = -4*g + 5*h. Suppose o + 19027 = g*b, -4*o - 30179 = -4*b - 4799. Is b a composite number?
True
Is (-2 - -1)*((-174227940)/150 + (-28)/20) a prime number?
True
Is 9/((-18)/16) - (-395804 - 77) a composite number?
False
Let q(s) = 5*s**2 - 54*s - 64. Let m be q(16). Suppose j - 17400 = -2*j. Suppose m = 8*c - j. Is c a prime number?
True
Let n(g) = -3*g**3 - 9*g**2 - 2*g - 21. Let m = 44 + -14. Suppose 5*d + 3*x = 7*d + 20, 0 = 3*d - 2*x + m. Is n(d) prime?
True
Let z = -40498 + 87051. Let i = z + -15054. Is i composite?
True
Suppose -38 = 4*s + 2*t, 8*t = -4*s + 11*t - 53. Let n(c) = -355*c + 30. Is n(s) composite?
True
Let p be 8367/42*78 - (-4)/14. Suppose -w = -2*w - n + 3106, 5*w - p = -2*n. Is w prime?
True
Let z be (-2)/(-5)*(-4 - -19). Let i be (7/(-35))/(2/10). Is z/(-4)*(i - 445) a composite number?
True
Suppose -24 + 28 = w. Suppose -5*h - w*z = -3*h - 826, 0 = -3*z. Is h prime?
False
Suppose -15053 = -3*h - 3131. Let d = 5715 - h. Is d composite?
False
Suppose -1652*n = -1708*n + 8021384. Is n prime?
True
Let p = 9 + -14. Let z(n) = 9*n**2 - 2*n - 2. Let g be z(p). Let b = 210 + g. Is b a composite number?
False
Suppose 7*g - 20401 = -16*g. Suppose 0 = -5*m + 9939 + 18226. Suppose 6*n - m + g = 0. Is n a composite number?
True
Suppose 5*t + 404 - 3889 = 0. Suppose -2*a - t - 8633 = -4*w, 4669 = 2*w + 3*a. Is w a composite number?
False
Suppose i = 42 - 9. Let l be 3 + i/(-7) + 6/(-21). Is 1/4*l - (-11395)/10 a composite number?
True
Let b(x) = 734*x**3 - 5*x**2 + 2*x + 27. Is b(4) a composite number?
True
Let x(w) = -51571*w - 1. Let o be x(-1). Let t be (-10*(-1)/15)/(2 + 124/(-63)). Is 6/t - o/(-70) prime?
False
Let f be 5 - (2 + -1 + 1). Let p(g) = -13*g + g**f - 9*g**2 + 31 - 5*g**2 + 6. Is p(16) prime?
False
Let u = -2401 - -15290. Is u a prime number?
True
Let f = 3482289 + -2286122. Is f a composite number?
True
Let h(p) = 310*p**2 - 134*p - 217. Is h(-6) a composite number?
True
Suppose -5*a = -356 + 346. Suppose 0 = -a*m + 17*m - 91905. Is m a prime number?
False
Suppose 0 = -4*k - 5*j + 342284 + 643265, 3*k = -5*j + 739158. Is k composite?
False
Let v(o) = -22555*o - 57. Is v(-4) composite?
False
Let u(a) = 2*a - 32. Let k be u(16). Is 743 + k + (-2 - 4) a prime number?
False
Let q = 21 - 33. Let h = -19 - q. Let k(u) = -u**2 - 13*u + 17. Is k(h) prime?
True
Let p(a) = -19*a + 1. Let i be p(-1). Suppose -2*l + i = 3*l. Suppose 2*o + 5*j = 206, o + 2*j = l*j + 121. Is o prime?
True
Suppose -4*g = 5*m + 9266, -3*m - 3482 = 4*g + 2084. Let t = m - -3289. Is t a prime number?
True
Let u be 2/(-5) - 2012/(-5). Let r = 1770 + -1190. Suppose -u - r = -2*l. Is l composite?
False
Let n(i) = 2*i - 60. Let k be n(27). Suppose -4*a - 3*f = f - 60, -3*a + f = -65. Let c = k + a. Is c composite?
True
Suppose -3*u = -5*j + 2*u + 7242105, 0 = 2*j - u - 2896841. Suppose -26*s = -j + 289678. Is s composite?
True
Let p(h) = 13 + 10*h + 28 - 10 + 4*h**2. Let b be p(-13). Suppose 5*y = 0, -6*z + 4*y - b = -7*z. Is z a composite number?
False
Let p(c) = 2101*c**2 + 5*c + 3. Let o be (-2 - (-4)/(7 + -3))/1. Is p(o) a prime number?
True
Let d be 4*((-50)/8)/(-5). Let b be 3666 - -4 - (0 - 0). Suppose 5 = -5*a - 10, d*h - b = -5*a. Is h a composite number?
True
Suppose -122*y + 13837471 - 5449050 + 13093461 = 0. Is y a prime number?
True
Is 600420/90*(-2)/((-12)/9) a composite number?
False
Let h(o) = 15*o**2 + 4*o - 3. Let s(k) be the third derivative of -k**5/60 + 7*k**4/12 + 6*k**3 + 3*k**2. Let g be s(16). Is h(g) a prime number?
False
Is (1482763/(-3))/((-161)/483) a composite number?
False
Suppose -35*n + 1380936 = -390744 - 466535. Is n composite?
False
Let u = -272 + 277. Suppose 0 = 4*o - k - 17273, -3*o = u*k - 15005 + 2079. Is o composite?
True
Let l(u) = 60*u**2 - 228*u - 6187. Is l(-26) a prime number?
False
Let b(r) = -4*r**2 + 31*r + 12. Let y be b(27). Let c = y - -2974. Is c a prime number?
True
Let r = -4 - -7. Suppose 141577 = 4*n + r*i, -4*n = -4*i - 181399 + 39815. Is n a prime number?
False
Let a(v) = v**3 - 8*v**2 + v - 5. Let y = -32 - -40. Let w be a(y). Is ((-3514)/(-3))/(2/w) prime?
False
Let j be 3*(-1)/(4/(-6))*-178. Let y be (-21)/(3203/j + 3 - -1). Is (-8)/20 + y/(-15) prime?
False
Let v = 124234 + -82469. Is v a prime number?
False
Suppose -17153 = -211*y + 194*y. Is y a prime number?
True
Suppose 3*w = 5*g - 26, w - 13 = -10. Suppose g*h - 4*h = 25473. Is h a composite number?
True
Let v(u) = 9*u + 40. Let i be v(-10). Let y be i*4/((-32)/(-228)). Let b = y + 2788. Is b a prime number?
False
Let o be -10 + (-16)/4*1. Let p be o*(5 - 363)/(-4 - 0). Let f = p - -2206. Is f prime?
True
Let g be 11/(22/(-12))*(-1)/3. Suppose -2*t - 5988 = -g*f, 2*f + 5*t + 784 = 6807. Is f composite?
False
Let p be (-8)/(-36)*6*363/44. Suppose -w = d - 3493, -5*d + 17459 = p*w - 9*w. Is d a prime number?
True
Let i(r) = -3*r**3 + 3*r**2 + 8*r + 18. Let v = -332 + 328. Is i(v) a composite number?
True
Let l be ((-1)/(-1))/((-6)/2874)*7. Let y = 12595 + l. Is y composite?
True
Let i(w) = 2*w**3 + 15*w**2 - 19*w + 1. Let y be i(-16). Let o = -2018 - y. Suppose -679 - o = -4*k. Is k a composite number?
False